+ 24*d + 3*r = 2468, 3*d - 1476 = -3*r. Let j = d - 180. What are the prime factors of j?
2, 79
Let l = 12629 - 10208. List the prime factors of l.
3, 269
Let m(v) = 35*v**2 + 5*v - 15. Suppose 7*d = 25 - 4. Let n be m(d). Suppose -39 = -2*w + n. List the prime factors of w.
3, 59
Let z be (-3 + 3)/(2 + 0). Let p = -258 - -262. Let g = p + z. What are the prime factors of g?
2
Let m(n) = n**2 + 0*n**2 - 2*n + 13 - 6*n. Let p be m(-9). Suppose 3*i = 4*z - 363, 3*z - 5*i - p = 98. What are the prime factors of z?
3, 31
List the prime factors of 14/63 - (-307892)/234.
2, 7, 47
Let t = 61 + -57. Let w be ((0 - 10) + t)*1/2. List the prime factors of w/(5 + (-1096)/218).
109
List the prime factors of 13 - (-2347 - 6) - 6.
2, 5, 59
Let g be 16/(-4) + -1 - 8. Let u = -179 - -5. Let v = g - u. What are the prime factors of v?
7, 23
Let l = 3789 - 2675. What are the prime factors of l?
2, 557
Suppose 0 = 3*d, 0*a = 3*a + 3*d. Suppose -x + b + 3 = -a*x, 3*x - 5*b = 5. Suppose -v + 853 = 5*l, -2*l - l = x*v - 503. What are the prime factors of l?
3, 19
Let n = 111 - 69. Let l be (-7)/n + (-3)/(54/(-183)). Let t(x) = 17*x + 42. List the prime factors of t(l).
2, 53
Let m be 13/(104/32) + (2 - -6). Suppose -m*v + 4055 = 767. What are the prime factors of v?
2, 137
Suppose -11*y = -2*y + 2358. Let c be 2*(y/4 + (-5)/(-5)). Let z = -10 - c. What are the prime factors of z?
7, 17
Let b = 39238 - 25648. What are the prime factors of b?
2, 3, 5, 151
Suppose -54233 + 233 = -72*d. List the prime factors of d.
2, 3, 5
Let l be 0/(-5)*(-4)/(-4) - -2. Suppose 3*x = -15, -4*x - 27 = -3*f + l. List the prime factors of f.
3
Suppose -4*a = a - 205. Let c = -38 + a. What are the prime factors of (68/12 - c)*498/8?
2, 83
Suppose -t - 24 = -5*z, -5*z + 3*t + 16 = -4*z. Suppose 3*m + 51 = -3*l, -m - z*l + 3 = l. Let g = m - -120. List the prime factors of g.
2, 7
Suppose 0 = 5*r, 5*r = 2*p - 58 + 20. Suppose 24*c = p*c + 745. Suppose 0 = -152*d + c*d + 198. What are the prime factors of d?
2, 3, 11
Suppose 16 + 26 = -7*o. Let c be 4/6 - 2/o - 72. Let d = -60 - c. List the prime factors of d.
11
Let g(f) = 4*f**2 + 128*f + 422. List the prime factors of g(42).
2, 6427
Let w(j) = 7*j - 57. Let o be w(19). Let d = 306 - o. List the prime factors of d.
2, 5, 23
Let y = 8 + -24. Suppose 42*i - 2131 = -451. What are the prime factors of (y/i)/(2/(-10))?
2
Let y be 5163*88/24 + 5. Suppose 10*h = y - 5516. What are the prime factors of h?
2, 11, 61
Let g(b) = b**2 + 31*b + 35. Let d(i) = -2*i**2 - 63*i - 69. Let x(j) = -3*d(j) - 7*g(j). List the prime factors of x(-20).
2, 61
Let q(y) = -10*y**2 + 77*y + 14. Let h be q(10). Let o = h - -651. List the prime factors of o.
3, 5, 29
Let n = 8255 + -1304. What are the prime factors of n?
3, 7, 331
Suppose 0 = -41*i + 219947 + 303951. List the prime factors of i.
2, 6389
Let m(c) = c**3 + 8*c**2 + 5*c + 6. Let l be -4*4/(-48)*66. Let y = -27 + l. What are the prime factors of m(y)?
2, 7
Let m(l) = l**2 + l - 11. Let o be m(-9). Suppose -a + o = -3*g, -2*g - 177 = -4*a + 27. Suppose -a = -3*k + 215. What are the prime factors of k?
2, 11
Suppose -5*n - 9 = 2*v - 1, 4*n - 3*v = 12. Suppose n*y = -3*y - 24. List the prime factors of (-4)/(y/(-94))*(7 + -10).
3, 47
Let m(v) = 852*v + 631. What are the prime factors of m(57)?
5, 9839
Suppose 4*o = 2*y - 7*y - 38, -5*o - 28 = 3*y. Let c be (-15)/y*(3 + -1). Suppose -3*z - 470 = -c*m, -3*m + 0*z = 2*z - 263. List the prime factors of m.
7, 13
Let h = 17430 - -19841. List the prime factors of h.
13, 47, 61
Suppose 2*g - 3*l - 4 = 6, 15 = 3*g + 4*l. Let f(v) = 3*v**3 - 3*v**2 + 3*v - 23. What are the prime factors of f(g)?
2, 73
Suppose 2*c - 8*c - 576 = 0. List the prime factors of (-24)/c - 9441/(-12).
787
Let b(h) = h**3 - 13*h**2 + 18*h - 28. Let y be b(12). Suppose 12*k - y = 4. List the prime factors of k*50/4*(5 - 3).
2, 5
Let l(p) = -p**3 + 30*p**2 + 81*p - 1084. List the prime factors of l(18).
2, 2131
Let j(h) be the first derivative of 0*h**2 + 145*h - 1/3*h**3 + 14. List the prime factors of j(0).
5, 29
Suppose -470 - 554 = 8*y. Let n(m) = m**3 - m**2 + 254. Let d be n(0). Let w = d + y. What are the prime factors of w?
2, 3, 7
Let t be (-6 + (-176)/(-33))/(3/(-5814)). Suppose -4*n + 5160 = 5*w - w, t = n + 2*w. What are the prime factors of n?
2, 7, 23
Let y(s) = 615*s**2 + 35*s - 29. List the prime factors of y(4).
3, 31, 107
What are the prime factors of (297/(-77))/(-27) - (-23365)/7?
2, 1669
Let i(o) = o + 11. Let h be i(14). Suppose -26*l + 7 = -h*l. Suppose 0 = -l*c - 0*c + 63. List the prime factors of c.
3
Let c(a) = -a**2 - 12*a + 13. Let b be c(-13). Suppose -w + 484 = 4*x, 4*w - w - 1467 = 3*x. Suppose b = 9*q - w + 83. What are the prime factors of q?
3, 5
Suppose 75*p - 13*p = 295120. Suppose -13*s = 15*s - p. List the prime factors of s.
2, 5, 17
Let u(w) = -48*w + 26. Let c be u(5). Let x = -62 - c. What are the prime factors of x?
2, 19
List the prime factors of -6 + 6 + (-14 - -840).
2, 7, 59
Let m(c) be the first derivative of c**4/6 + c**3/2 + 6*c**2 + 5. Let g(b) be the second derivative of m(b). List the prime factors of g(6).
3
Let g = 12847 + -6896. What are the prime factors of g?
11, 541
Let n(w) = -70*w**2 - 859*w + 1. What are the prime factors of n(-6)?
5, 17, 31
What are the prime factors of ((-76164)/21)/((570/105)/(-19))?
2, 11, 577
Let x = 23667 + -13953. List the prime factors of x.
2, 3, 1619
Suppose -2*j + 272 = 3*d, 198*d + j - 183 = 196*d. List the prime factors of d.
2, 47
Let y = -204 + 1078. Suppose 6589 = 15*s + y. List the prime factors of s.
3, 127
Let c(m) = 565*m**2 - 10*m - 9. Let j(t) = 2*t**3 - 16*t**2 + 15*t - 8. Let w be j(7). What are the prime factors of c(w)?
2, 283
Let r be (70/6 - 1)*468. Let o = -3270 + r. What are the prime factors of o?
2, 3, 7, 41
Let z(j) = -j**3 + 15*j**2 + 2*j + 10. Let n(r) = -r**3 + 6*r**2 - 1. Let f be n(2). List the prime factors of z(f).
2, 5
Let r(v) = -5*v**2 + 33*v - 15. Let m be r(6). Suppose 736 = 4*h - m*h. What are the prime factors of h?
2, 23
Suppose c + 2*n + n = 94, -4*c + 389 = -n. Suppose 3*w = h - c, 0 = -3*w - 0*w - 15. Suppose 0 = 2*z - 154 - h. List the prime factors of z.
2, 59
Let l(g) = 17*g + 42. Suppose 2*w = -4*i - 2, 3*i = -0*i. Let n(s) = s + 1. Let t(v) = w*l(v) + 6*n(v). List the prime factors of t(-15).
3, 43
Let b = -448 - -473. Let k(n) = -n**3 + 25*n**2 + 36*n - 69. What are the prime factors of k(b)?
3, 277
Let c = -250 + 420. Suppose u = 2*b + 3*b + c, 4*b = -3*u + 434. What are the prime factors of u?
2, 3, 5
List the prime factors of (5/2)/((-362551)/19082 - -19).
5, 29, 47
Let g(c) = -c**3 - 131. Let d be g(0). Let a = d + 510. List the prime factors of a.
379
Let g(t) = -2*t**2 + 27*t + 18. Let u be g(14). Suppose -u*a - 2*k = -3*a - 293, 5*a + 5*k - 1455 = 0. What are the prime factors of a?
17
Let v(s) = -327*s - 1955. What are the prime factors of v(-40)?
5, 89
Let p(l) = -3505*l + 1062. What are the prime factors of p(-8)?
2, 14551
Suppose m - 4 = 0, -4*f - f - 2*m = -18. Suppose o = a - f*o - 9, 17 = 3*a + o. Suppose -a*s = s - 406. List the prime factors of s.
2, 29
Suppose 5*y = -251 + 271. Suppose 5*a - 509 - 1481 = y*q, 3*a - q - 1187 = 0. What are the prime factors of a?
2, 197
Let m(r) = 102*r**2 - 220*r + 898. What are the prime factors of m(4)?
2, 3, 5, 11
Let n = 158 + -90. Suppose 8*m = 7*m + 136. Suppose 0 = s + 3*h - n, 3*h + m = -0*s + 2*s. List the prime factors of s.
2, 17
Let m(z) = z**3 + 10*z**2 + 12*z - 8. Let r(b) = b**3 + 7*b**2 + 4*b - 36. Let x be r(-5). What are the prime factors of m(x)?
2
Let u be (-1)/4 + (-122)/(-8). Suppose 4*r - 73 = u. Suppose -m + 20 = -r. What are the prime factors of m?
2, 3, 7
Let n(b) = 25*b**2 + 2*b - 31. Let k be n(6). Let u = k + -552. List the prime factors of u.
7, 47
Let d(w) = -w**2 + 27*w - 15. Let u be d(23). Suppose -u*l = -37*l - 12720. What are the prime factors of l?
2, 3, 53
Let z(k) be the third derivative of 89*k**4/24 - 28*k**3/3 - 18*k**2. What are the prime factors of z(3)?
211
Let z(l) = -602*l - 1315. What are the prime factors of z(-14)?
3, 2371
Let s be 1/(-3) - 3168/(-27). Suppose 4*c + s = -31. Let j = 39 + c. List the prime factors of j.
2
Let w(b) = -b + 8. Let p be w(4). Sup